 What is the units digit of k(n)?
5
Suppose 0 = 99*t - 102*t + 33669. What is the ten thousands digit of t?
1
Let g be (123 - 1)*4/(-8). Let r = 65 + g. Suppose -2*o + 326 = -r*q, -2*o + 3*q = q - 318. What is the hundreds digit of o?
1
Suppose 110*h + 42*h - 5625118 = 1265194. What is the units digit of h?
1
Let s = -123 + 124. What is the tens digit of -3*((-608)/240)/(s/10)?
7
Suppose -4*l - 8 = -0, 3*i = -4*l + 4858. Let z be (-54)/(-90) + i/5. What is the units digit of ((-4)/10)/(1945/z + -6)?
6
Suppose 2 = -11*k + 13. Let u = 6 - k. Suppose 0*p + 2*p = -3*t + 266, -2*p + 446 = u*t. What is the tens digit of t?
9
Suppose 78*a - 71*a - 9590 = 0. Suppose -45*u + a = -44*u - 5*m, m = -3*u + 4126. What is the hundreds digit of u?
3
Suppose 5*x = 0, -3*s = 8*x - 4*x + 15. What is the tens digit of (-16)/(s - -9) + 53/1?
4
Let u be -31*(301/(-105) - 2/15). Suppose -5*p - u = -3*q, -3*p + 8*p = 2*q - 92. What is the units digit of (-1)/(-3)*2 + (-348)/p?
0
Suppose -3*q = 4*l - 56, -8*q - 70 = -5*l - 3*q. Let n(u) = 57*u - 139. What is the hundreds digit of n(l)?
6
What is the thousands digit of -4 + (14 - 5 - -1071)?
1
Suppose -k = 2*k - 4*w - 204, -3*w + 225 = 3*k. Suppose 3*j + 0*b - 5*b - 106 = 0, -5*b = -4*j + 143. Let v = k + j. What is the hundreds digit of v?
1
Suppose 5*y = -24 + 19. Let z(v) = 15*v**2 - 4*v - 7. Let d be z(-5). What is the tens digit of (6/(-24))/(y/d)?
9
Suppose -4*v + r = -232, 3*v = -2*r + 64 + 99. Suppose 4*s + 5*j - 1077 = 0, 2*j = -2*s + 483 + v. What is the tens digit of s?
7
Let l(d) = -139*d + 1057. What is the thousands digit of l(-36)?
6
Suppose 0 = -11*q + 17*q - 84. Let x(n) = n**2 + 10*n + 38. What is the tens digit of x(q)?
7
Let w = 7564 + 964. What is the hundreds digit of w?
5
Let k = -281 + 290. Suppose 1456 = k*p - 1802. What is the hundreds digit of p?
3
What is the ten thousands digit of 14247 + 9/(126/196)?
1
Let s be -5*((-62)/(-10) + 15/(-5)). Let z be (-2)/8 - (-4)/s*-1. Suppose z = -5*n - 5*c + 60, 4*n - c = -0*c + 63. What is the tens digit of n?
1
Let b = 6 - 13. Let m = -2 - b. What is the units digit of m?
5
What is the thousands digit of 1548*(2 + 0 + (4 + 1)/(-10))?
2
Let d = -17 - -27. Let v be ((-54)/6)/(6/(-172)). Suppose v = d*f - 7*f. What is the tens digit of f?
8
Suppose 140*p + 12 = 146*p. Suppose -9*z + 12*z + g = 58, -z - p*g + 21 = 0. What is the tens digit of z?
1
Suppose 42*a - 270466 = 317660. What is the thousands digit of a?
4
Let l(k) = -2*k**3 + 33*k**2 - 3*k - 27. Let f(z) = z**3 - 17*z**2 + 2*z + 14. Let i(a) = -11*f(a) - 6*l(a). What is the tens digit of i(12)?
0
Suppose 0 = t + 49*z - 47*z - 13337, 5*t = -z + 66739. What is the hundreds digit of t?
3
Let x be -5 + 24/(24/6). What is the tens digit of 2/(-8)*x + 7998/24?
3
Suppose 3*x - 2*i = 80767, 3*i = x + 7489 - 34395. What is the thousands digit of x?
6
Suppose 0 = -3*y - d - 3*d - 161, 0 = 4*d - 16. Let b be (-8*20/(-10))/(2/(-6)). Let v = b - y. What is the units digit of v?
1
Let j(v) = 18702*v + 488. What is the tens digit of j(2)?
9
Suppose -186*d - 118980 = -222*d. What is the units digit of d?
5
Suppose 12*j - 749 = 7*j - 2*h, -4*j - 3*h + 602 = 0. Let g = 1036 + j. What is the tens digit of g?
8
Suppose 3*r + 4*j + 7477 + 3468 = 0, 5*j - 10963 = 3*r. What is the thousands digit of (0 + r)*((-76)/(-6) + -13)?
1
Let s = 259 - 544. Let k = s + 443. What is the tens digit of k?
5
Let n(y) = 1008*y**2 + 106*y - 539. What is the ten thousands digit of n(5)?
2
Suppose 2 = -0*q - 2*q. Let o be (-8)/7 - (1 - 32/28). What is the tens digit of ((-420)/(-12))/(q/o)?
3
Let q = -989 - -4259. What is the thousands digit of q?
3
Suppose 7*c + 164880 = 19*c. What is the hundreds digit of c?
7
Let o(r) = r**3 + 25*r**2 - 26*r + 13. Let f be o(-26). Let x(s) = -s**2 + 21*s + 118. What is the tens digit of x(f)?
2
Suppose 6*j + 2707 = -2189. Let t = -489 - j. Suppose 5*b - t = -82. What is the tens digit of b?
4
Let s(h) be the first derivative of 2*h**2 - 13*h + 1. Let v(a) = a**3 - 6*a**2 + 2*a + 3. Let l be v(6). What is the tens digit of s(l)?
4
Let a(r) = 151*r**2 + 51*r - 559. What is the hundreds digit of a(10)?
0
Let p(r) = 144*r + 62. Let s be p(3). What is the units digit of (s/(-4) + -10)/((-6)/44)?
9
Let b be (306/(-9) + -2)*8/(-6). Suppose 18*u - 464 = 16*u. Let i = u - b. What is the hundreds digit of i?
1
Suppose -22869 = 19*r - 22*r. What is the units digit of (2 - 1 - 4) + r/11?
0
Let b(u) = -3551*u**3 - 5*u**2 - 2*u + 2. What is the thousands digit of b(-1)?
3
Let d be (-4)/(-5) - (-220)/100. Suppose w = 2*v + 422, d*w + 465 = 3*v + 1743. Suppose -6*j = -j - w. What is the tens digit of j?
8
Let s(j) = j**3 - j**2 + 4*j - 2. Let n be s(2). Let z = n - 17. What is the units digit of (z/2)/(5/(-10))?
7
Let v = -279 - -987. Let i = -370 + v. What is the hundreds digit of i?
3
Let v be 2175/10 - (-3)/(-2). Suppose c - v - 11 = 0. Suppose -5*g = -118 - c. What is the units digit of g?
9
Let f(y) = -76*y**2 + 25*y + 1. Let i(g) = 76*g**2 - 22*g - 2. Let b(a) = 4*f(a) + 5*i(a). What is the tens digit of b(3)?
4
Suppose -129*v + 7204950 = 141*v. What is the hundreds digit of v?
6
Suppose -85*g = 765779 - 2803399. What is the ten thousands digit of g?
2
Suppose -7268 = -d - 329. What is the tens digit of d?
3
Let x = 390 - 403. Let u(q) = q**3 + 19*q**2 + 36*q + 52. What is the units digit of u(x)?
8
Let f = -3685 + 3941. What is the tens digit of f?
5
Let w be 0/7 - (-10)/2. Suppose 0 = w*k - 1778 + 603. What is the tens digit of k?
3
Suppose -27*x - 419 = 850. Let o = x - -422. What is the units digit of o?
5
Let c = -250 - -248. What is the hundreds digit of (-2)/(0 + c)*(16 + 463)?
4
Let o(y) = -25*y - 227. Let v be o(-9). Let l(t) = -99*t**3 - 9*t**2 - 4*t - 1. What is the hundreds digit of l(v)?
7
Let f(o) = -26*o - 88. Let i(s) = 26*s + 94. Let z(g) = -3*f(g) - 2*i(g). What is the units digit of z(16)?
2
Let u be 3/(-12) + 11/(-4). Let n(h) = 10*h**2 + 18*h + 1. Let c be n(2). Let p = c - u. What is the units digit of p?
0
Let x(o) be the first derivative of -62*o**2 - o - 13. Let b be x(1). Let p = -95 - b. What is the tens digit of p?
3
Let w(d) = -460*d - 20. Let q(g) = 153*g + 7. Suppose -36 = -10*p + 4. Let r(o) = p*w(o) + 11*q(o). What is the tens digit of r(-2)?
1
Let q = -11329 + 22861. What is the thousands digit of q?
1
Suppose 0 = -6*h + 164*h + 25*h - 12794994. What is the ten thousands digit of h?
6
Suppose 0 = 4*p + d - 1512, -p + 2*d + 179 + 190 = 0. Let z = -200 + p. What is the units digit of z?
7
Suppose 7366 - 70174 = -12*m. What is the thousands digit of m?
5
What is the hundreds digit of ((-128080)/2)/(-8) + (-6)/(4 - 2)?
0
Suppose 0 = 3*l + 2*l - 3*r + 1992, 1968 = -5*l - 3*r. What is the units digit of (l/3 - -5)*-4?
8
Let o = 3060 - 2854. What is the hundreds digit of o?
2
Let t(h) = -2*h**2 + h - 11. Let b be t(8). Let c = -28 - b. Suppose -5*z - 2*o = -c, 0 = 2*z - o - 3*o - 22. What is the units digit of z?
9
Suppose 3*i - 10*i + 17437 = 0. Suppose 6*p = -i + 7915. What is the hundreds digit of p?
9
Let c(b) = b**2 + b - 5. Let a be c(3). Suppose -a + 17 = 5*d. Suppose -80 = -3*w - 3*j + 100, -d*w - 5*j + 129 = 0. What is the tens digit of w?
5
Let t = 48369 - 18470. What is the units digit of t?
9
Let y be 1 - -5*(-4)/20. Suppose p = -y*p - 16. What is the hundreds digit of 112 + (1/(-2))/(4/p)?
1
Let c = -8954 + 12184. What is the hundreds digit of c?
2
Let k be 4/(-3)*(-276)/2. Suppose 4*a = 4*r - 1352, -2*r + k = -3*a - 494. What is the units digit of r?
6
Let r(c) = 301*c - 12503. What is the tens digit of r(118)?
1
Suppose f - 20 = -3*u, 2 - 4 = -u + 2*f. Let z(v) = -v**3 + 8*v**2 - 11*v + 1. Let k be z(u). Suppose 2*w = -k*w + 873. What is the units digit of w?
7
Let u be ((-65)/(-20))/((-3)/(-84)). Let f = 40 - u. What is the tens digit of 14/(-6)*f + 2?
2
Suppose 2*a = 17*n - 373426, -2*a - 35306 - 52562 = -4*n. What is the hundreds digit of n?
9
Let o(g) = 1242*g - 11. Let v be o(1). Let k = -190 + v. What is the tens digit of k?
4
Suppose 14*o + 16 = 16*o. Let j be 244/(-5)*(-3 + o). What is the tens digit of j/(-4) + 10/2?
6
Suppose 0 = -6*i - 2*i. Let t(k) = k + 1696. Let d be t(i). What is the hundreds digit of (d/24)/(6/9)?
1
Suppose -k + 10801 = -2*u, -2*u = -